digit of o?
1
Let u(w) = -115*w - 84. Let q(x) = -77*x - 56. Let a(i) = 7*q(i) - 5*u(i). What is the units digit of a(6)?
4
Let c(a) = -67*a - 170. What is the hundreds digit of c(-11)?
5
What is the tens digit of (-4)/3*-865 + (-52)/(-78)?
5
Let c = 14 - 6. Suppose 0 = 4*h - c*h + 68. Suppose -4*r + 91 = -h. What is the tens digit of r?
2
Let z be 8/(-3 - (3 + -5)). What is the tens digit of (-25)/(-40)*142 + (-2)/z?
8
Suppose -13*h - 20 = -17*h. Suppose h*d + 3*k = 694, d - 3*k - 706 = -4*d. What is the tens digit of d?
4
Let y(d) = d**2 + 2*d + 1 + 10*d + 0*d**2. Suppose -5*z - 48 = -4*l + 25, -2*l = 5*z + 61. What is the units digit of y(z)?
4
Suppose -3*s = -98 - 112. Suppose 0 = -o - o + s. Let b = o + -24. What is the units digit of b?
1
Let l(w) = 34*w + 3. Suppose -q - 7 = -t, 5*q = -2*t + 3*q - 6. What is the units digit of l(t)?
1
Suppose -10 = -2*t - 0*t, -o = 4*t - 23. Suppose -2*g - 5*y + 131 = 0, o*g - 2*y = g + 96. What is the tens digit of g?
5
Let v = 80 + -146. Let t be ((-5)/2)/((-11)/v). Let m = t + 17. What is the units digit of m?
2
What is the thousands digit of ((-22892)/(-6))/((-1)/(6/(-4)))?
5
Let g(l) = l - 5. Let s be g(7). Suppose j = 2*k - s*j - 10, -4*k - 4*j = 0. Suppose -3*z = -4*q - 52, -k*z + 5*z - 87 = -3*q. What is the units digit of z?
4
Suppose -2*s + 20 = 4*q, -4*q = -2*s - s - 30. Suppose q*y = 16*y - 930. What is the units digit of y?
3
Let d be (-6)/(-3)*470 - -4. Suppose -d = -6*y + 2*y. What is the tens digit of y?
3
Suppose 3*t = -2*x - 93, -6*x - 2*t = -3*x + 137. Let i be ((-3)/5)/(9/x). What is the units digit of (-615)/(-20) - i/4?
0
Let y be (-2)/(-10) + 14/5. Let g be (y + 15/(-3))/1. Let c = g - -9. What is the units digit of c?
7
Let s be (-2)/((-4)/136*-2). Let q = 0 - s. What is the units digit of q?
4
Suppose -4*y + 72 = 2*w - 1084, 0 = 5*w + 4*y - 2896. What is the units digit of w?
0
Let i(f) = 12*f - 20*f**3 + 8*f**3 - 20 - 9*f**2 + 13*f**3. What is the units digit of i(9)?
8
Suppose -115*v = -112*v - 912. What is the hundreds digit of v?
3
Let u(a) be the third derivative of 13*a**4/24 + a**3/2 - 11*a**2. What is the tens digit of u(4)?
5
What is the units digit of 10 + 1 + -23 - -4920?
8
Let z(t) = t**2 + 2*t + 1. Suppose 0 = 2*k + k + 3. Let y be z(k). Suppose 8 = u - y*u - 3*w, -15 = -3*w. What is the units digit of u?
3
Suppose -v - 6340 = -5*a, 7*a - 3*a - 5063 = -v. What is the tens digit of a?
6
Let p be 8/2*(0 - -5). Let l = p + -18. Let h = l + 24. What is the tens digit of h?
2
Suppose 22801 = 39*a - 12377. What is the units digit of a?
2
Let m = 141 + -68. Let c = -50 + m. Suppose a + c = 2*i + 4*a, 5*i = 4*a. What is the units digit of i?
4
Let w = -10 + 0. Suppose r - 3*a - 35 = 0, -r + 5*a - 12 + 57 = 0. Let o = r + w. What is the units digit of o?
0
Suppose 5*q - 8 = 4*y - 47, 4*y - 69 = -q. Let o = 23 - y. Suppose 2*p + 70 = o*p. What is the units digit of p?
4
Suppose 1719 = 3*j + 78. Suppose 2*r - 554 = -3*l, 3*l + 0*r - j = 5*r. What is the tens digit of l?
8
Let y(x) = -26*x + 48. What is the hundreds digit of y(-15)?
4
Let j be 1548/3 + (-3)/(-3). Suppose r - 5*a = 178, 0*a = -3*r - 2*a + j. What is the hundreds digit of r?
1
Let t(i) = i**2 - 9*i - 18. Let m be t(11). Suppose -3*o - 220 = -2*l + o, 0 = -m*l + 5*o + 428. What is the units digit of l?
2
Let i(k) = -k**3 - 3*k**2 + 4*k - 4. Let s be i(-4). Let h(j) = -4*j + 6. Let w be h(s). Suppose -4*n - 36 = -3*y + w, -4*n = 4. What is the tens digit of y?
1
Suppose -8 - 7 = 3*q. Let f(t) = t**3 + 6*t**2 - 9. What is the units digit of f(q)?
6
Let j(y) = -y**2 - 9*y - 18. Let l(b) = 3*b**2 + 27*b + 53. Let i(s) = 17*j(s) + 6*l(s). Let o be i(-8). Suppose o*g - 70 = 154. What is the units digit of g?
6
Suppose -d - 4*y = -15, -2*d + 4*y + 6 = -0. Let s(i) = 6*i - 6. Let p be s(d). Suppose c + 4*u - 66 = -c, -c - 5*u = -p. What is the units digit of c?
1
Let o(s) = -s**3 - 8*s**2 - 6*s + 10. Let u be o(-7). Suppose -5*t + 34 = -4*g - 399, u*g - 9 = 0. What is the tens digit of t?
8
Suppose 3*c - t - 13260 = 0, 3*c = 5*t + 2021 + 11239. Suppose -12*m + c = 5*m. What is the hundreds digit of m?
2
Suppose 0 = p - 3, 5*i - p - 433 = -36. Let o = -65 + i. What is the units digit of o?
5
Let z(b) = -b**2 - 4*b + 14. Let w be z(5). Let k = w - -132. What is the tens digit of k?
0
Let z(f) = -f**2 - 14*f - 10. Let j be z(-13). Suppose -x + 60 = 3*g - j, 0 = 4*g - 12. What is the tens digit of x?
5
Let p = 2868 + -1654. What is the units digit of p?
4
Let r(a) = -a + 10. Let t be r(4). Let u be (-2)/(-3) - 748/t. What is the units digit of 6/2*u/(-12)?
1
What is the tens digit of (2 - 1)/2 + (-10755)/(-10)?
7
Suppose 0 = 3*w - 402 - 138. Let n = -125 + w. What is the tens digit of n?
5
Let i = 33 + -165. Let x = i - -248. What is the tens digit of x?
1
Let j(c) = c + 1. Let b(r) = -8*r + 66. Let u(f) = -b(f) + 6*j(f). What is the hundreds digit of u(12)?
1
Suppose 20 = 3*l + l, -5*m - 3*l = -340. Let u = m + 39. What is the hundreds digit of u?
1
Let z(f) = -f**2 + 18*f - 14. Let r be z(17). Suppose 2*a - r*a = -3. Suppose a*c - 1 = -l, -2*c + 17 + 37 = 4*l. What is the units digit of l?
6
Suppose -5*c + 1747 = 4*p, 0*p - 2*p + 700 = 2*c. What is the tens digit of c?
4
What is the tens digit of (260/(-8) - 5)/((-12)/936)?
2
Let g(h) = 29*h - 970. What is the units digit of g(58)?
2
Let g = 23 - 22. What is the hundreds digit of g/3*-167*(-12)/4?
1
Let c(r) be the first derivative of 6*r**2 + 15*r + 12. What is the tens digit of c(4)?
6
Let k = -104 + 959. Suppose 0 = 5*m - 4*s - s - k, 5*m = 4*s + 858. What is the units digit of m?
4
What is the tens digit of 1/(2/(-8)*(-284)/210373)?
6
What is the units digit of (-15)/(-6)*56/35 - -458?
2
Let n(x) = -x**3 - 7*x**2 - x - 3. Let t be n(-7). Suppose 5*l + 56 = t*h, 1 = 5*l + 21. Suppose 0 = 5*y - 4*y - h. What is the units digit of y?
9
Let n(y) = 66*y**2 + 4*y - 3. Let d be n(1). Let o = d + -48. What is the units digit of o?
9
What is the tens digit of (1362 + 0)*12/36?
5
Suppose -3*i + 2*i + 73 = 5*l, i = 3*l + 33. Suppose -2*m - 135 = 3*m. Let p = i + m. What is the units digit of p?
1
Suppose t = 4*s - 1552, 2*s + 1164 = 5*s + 4*t. What is the units digit of s?
8
What is the tens digit of 2/9 - ((-21992)/18 + 11)?
1
Let g(v) = 4*v**2 - 18*v + 42. What is the tens digit of g(18)?
1
Suppose -15*f + 10*f = -1255. What is the units digit of f?
1
Suppose -3330 = -641*b + 636*b. What is the hundreds digit of b?
6
Let k(g) = 12*g**2 + 72*g + 5. What is the tens digit of k(12)?
9
Let a(v) = 19*v**2 - 5*v + 22. What is the tens digit of a(-7)?
8
Let d(w) = w**2 + 3*w**3 - 7*w + w**3 - 3*w**3 + 0*w. Let v be d(-3). Suppose -5*s + 37 + v = 0. What is the units digit of s?
8
Suppose 2*g = -28 - 24. Let x = g - -75. What is the units digit of x?
9
Let l be (-15)/2*(-2380)/42. Let n = 595 - l. What is the hundreds digit of n?
1
Suppose 7532 = 9*u - 6598. What is the tens digit of u?
7
Suppose 95*q - 97*q + 510 = 0. What is the units digit of 21386/q - 4/(-30)?
4
Let d(c) = -c**2 + 8*c - 2. Let o be d(7). Let j(s) = -s**3 + 5*s**2 + s. Let h be j(o). Suppose 0 = -h*a, -22 = 2*k + 3*a - 58. What is the tens digit of k?
1
Suppose 3*i = -6 + 9. What is the hundreds digit of (376/(-32))/(i/(-20))?
2
Suppose -8*d + 9*d = 3*p + 730, -5*d + 3555 = 4*p. What is the hundreds digit of d?
7
What is the units digit of ((-48)/36)/(3/990*-4)?
0
Let v = 400 + -380. Let z be 18/(-4) + (-1)/2. What is the tens digit of (-256)/v*z/2?
3
Let s = 1661 + -841. What is the tens digit of s?
2
Suppose 3*v - 9 = -0*v. Let c(k) = 3*k**3 - 5*k**2 + 4*k - 4. What is the tens digit of c(v)?
4
Suppose w + 2*m - 9 = 0, -2*w + 2*m = -6*w + 36. Let f be (10/(-6))/((-3)/w). Suppose -8 = -f*z + 12. What is the units digit of z?
4
Let l be (3/(15/2))/((-5)/(-75)). Suppose l*t - 5*t - 25 = 0. What is the tens digit of t?
2
Let b be 54/36 + 29/(-2). Let z = -2 - b. Suppose -3*n + 5*i + 227 = 0, n - 65 = 2*i + z. What is the tens digit of n?
7
Let s be (-3)/(-12) + 6/8. Let g(y) be the first derivative of 29*y**2 - y - 56. What is the tens digit of g(s)?
5
Suppose 3*t = -y + 9, 4*y + 32 = 2*t + 3*t. Suppose -5*k = -t*l + 77, -3*l - 2*l = 4*k - 86. What is the units digit of l?
8
Suppose 10*h - 6*h + 4*i = 1160, 2*h = 